 = -225*s + 88035 + 25474. Calculate the highest common divisor of 364 and s.
91
Let y(q) = 10*q + 4. Suppose -4*v + 3 = -5*v + 4*p, 4*p - 28 = -4*v. Let u be y(v). Let l = 2031 + -1995. Calculate the highest common divisor of u and l.
18
Let x(v) = 2*v**2 - 19*v + 90. Let c be x(17). Let i(l) = l**2 - 7*l - 153. Let w be i(-11). Calculate the highest common divisor of c and w.
15
Let a be 54/(-7)*(-42)/9. Let v = a + -35. Suppose 5*f - 13 = 4*z, 5*f - 2 + 3 = -3*z. Calculate the highest common factor of f and v.
1
Let v(m) = m + 5. Let j be v(3). Suppose -4*u - j = 0, 24 + 0 = -k - 4*u. Let w(l) = -4*l - 40. Let t be w(k). Calculate the greatest common factor of t and 6.
6
Let d = -3095 - -3266. Calculate the greatest common divisor of d and 76.
19
Suppose 2*r = -2*r + 32. Let i be ((-3 - (-2)/r)*12)/(-3). Calculate the highest common factor of 220 and i.
11
Suppose 2*u - 39 = -u. Suppose -77*s + 16 = -73*s, -2*s = -z + 18. What is the highest common divisor of z and u?
13
Let x be (-11985)/(-235) - 1*-13. What is the greatest common factor of x and 4?
4
Suppose -a = -3*a - 2, -r + 16 = -3*a. Let f = -43 + 17. Let z be ((-5)/2)/((-25)/f + -1). What is the highest common divisor of r and z?
13
Let d = -46 + 70. Let y be d - (-1 + (-3)/(-3)). Let k(x) = x**3 + 2*x**2 + 12*x + 86. Let r be k(-4). Calculate the highest common divisor of y and r.
6
Let g(r) = -r**3 - 30*r**2 - 27*r + 60. Let u be g(-29). What is the highest common factor of 441 and u?
1
Let a = -25 + 46. Suppose a - 3 = o. Suppose x + 4 = 0, 4*i - 3*x - 22 - 14 = 0. What is the greatest common factor of o and i?
6
Let x = 9 - 3. Suppose -8 = 2*k, 59 = -5*a - 5*k + 549. Calculate the highest common factor of x and a.
6
Let g be 4 + 40/(-30) + 1/3. Let l be (-54)/(-12)*26/g. Calculate the greatest common divisor of 169 and l.
13
Let t = -261 + 151. Let s = t - -138. Calculate the greatest common factor of 308 and s.
28
Let u = -10490 + 12754. Calculate the greatest common factor of u and 32.
8
Suppose 4*f + 56 = 5*o, 0 = 3*f + o + 30 - 7. Let g be ((-1 - -2) + -58)/(f/6). Let u = 58 + g. What is the greatest common factor of 12 and u?
12
Let m(u) = -u + 13. Let q be m(4). Let z be 10/q - 4/36. Let n be (-220)/(-16) - 18/24. Calculate the greatest common factor of n and z.
1
Suppose 2*r = -55*y + 58*y - 400, -5*r + 365 = 3*y. What is the highest common factor of y and 871?
13
Let g = 22 + 23. Let y(w) = 3*w**2 + 13*w - 12. Let x be y(-6). Suppose 5*q + 32 = t, 3*t - x = -5*q + 58. Calculate the highest common divisor of t and g.
9
Let x(w) = -2*w**3 - 3*w**2 + 10*w + 5. Let u be x(-5). Suppose -2*m + u = 5*v - 7*m, 10 = 2*m. Calculate the greatest common factor of 341 and v.
31
Let p = 1 - -13. Let v be (24 + -26)/(15/(-4305)). Calculate the highest common divisor of p and v.
14
Let z = 323 - 326. Let i be (-75)/10*2/z. Let h = 15 + -10. Calculate the highest common divisor of h and i.
5
Suppose 2*x + 0*x + h = 14700, 0 = -5*x + 2*h + 36750. What is the greatest common factor of x and 7?
7
Suppose -7*x = x. Let a be 3*(x - (-10)/15). Suppose 0 = -2*c - 2*c + 32. Calculate the highest common factor of c and a.
2
Let p = 22186 + -21793. What is the highest common factor of p and 1441?
131
Suppose 73*u - 62*u - 297 = 0. Suppose 0 = -u*i + 63*i - 324. What is the greatest common factor of 9 and i?
9
Suppose -q - 5*v + 0*v + 1449 = 0, -3*q = 2*v - 4386. Suppose q = 11*f + f. Suppose -2*s = -40 - f. Calculate the greatest common divisor of s and 9.
9
Let r be 324/(-36)*610/(-3). Calculate the highest common divisor of r and 390.
30
Let d be 46725/225 + 8/6. What is the highest common factor of 121 and d?
11
Let a = -440 + 191. Let f = 523 - 106. Let s = a + f. Calculate the highest common factor of 42 and s.
42
Let o(u) = 15*u**2 - 78*u + 1. Let h be o(25). What is the highest common factor of 158 and h?
158
Let t(r) = -135*r - 657. Let g be t(-78). Calculate the highest common divisor of 9 and g.
9
Let w = 16245 - 16229. Calculate the highest common factor of 12304 and w.
16
Let m = -127 + -124. Let r = 267 + m. Calculate the greatest common divisor of r and 176.
16
Suppose -5*u = 3*n - 29, -2128*u + 6 = -2131*u. Suppose 0 = 4*w - 271 + 11. What is the greatest common divisor of w and n?
13
Let f be ((-30)/(-85))/((-16)/(-408)). Suppose 2*o - 5*r = 152, -2*o + 3*r + 103 = -53. Calculate the greatest common factor of f and o.
9
Let t(v) = -205*v - 1445. Let p be t(-8). Calculate the greatest common factor of 403 and p.
13
Let d(f) = f**3 - 8*f**2 + 7*f + 13. Let b be d(7). Suppose -38*m - 5*k = -40*m - 33, -15*m = -2*k - 1. What is the highest common divisor of m and b?
1
Let n(y) = 20*y**3 + 2. Suppose -2*u - 22 = -13*u. Let b be n(u). Let t be (7 + 2)/(6/b). What is the greatest common factor of t and 27?
27
Let h(p) = 2*p - 17. Let v be h(16). Suppose -10*s + 1375 = v*s. What is the greatest common divisor of 66 and s?
11
Let h = 11 + 98. Let n = h - 96. What is the highest common factor of 104 and n?
13
Suppose k + 4*s - 14 = 0, -3*k + 556 = -3*s + 469. Suppose 0 = g + 3*w - 89 - 133, -1174 = -5*g + w. Calculate the greatest common factor of k and g.
26
Let s be (12/(-10))/(4/(-240)). Let y be 6 - -589 - (13 - (3 + -9)). What is the greatest common divisor of s and y?
72
Let z be (-2)/(-16) + (-16525)/40. Let u = 442 + z. Calculate the highest common divisor of 29 and u.
29
Let n be (-2)/(-8)*5082/11*(-4)/(-6). What is the highest common factor of n and 1?
1
Let i be 8/28 - (1 + 3244/(-14)). Let z be 11/(6/(-216)*-4). What is the greatest common factor of i and z?
33
Let p(q) = 64*q**3 - 16*q**2 + 18*q - 1. Let v be p(1). Calculate the greatest common divisor of v and 5135.
65
Let a = 137 + -98. Suppose -2*t - 29 = -a. Suppose t*w = 52 + 8. Calculate the greatest common divisor of 3 and w.
3
Let c = -8252 - -9695. Calculate the highest common divisor of 234 and c.
39
Let r(h) = -2 + 34 + 3*h + 2 - 2*h. Let n be r(0). Suppose 32*p - 27*p = 25, 2*l + 2*p = 112. Calculate the highest common factor of l and n.
17
Let u = -225 + 337. Let f be (-290)/6 - (6 - u/21). Let y be 144/14 - (-14)/f. What is the greatest common divisor of 160 and y?
10
Let j be 0/(9 + -3) + 4 + 99. Calculate the highest common factor of j and 5047.
103
Let m = 29 + -29. Suppose m = -0*n + 6*n. Suppose n*t + 3*t = 864. Calculate the greatest common factor of t and 36.
36
Let a(g) = 3*g**2 - 14*g + 41. Let h be a(4). Calculate the highest common divisor of h and 12.
3
Let b(v) = v**3 - 12*v**2 - 18*v + 59. Let u be b(18). What is the greatest common divisor of u and 73?
73
Let f(b) = 7*b + 1. Let p be f(1). Let s be (-255)/(-3)*p/20. Let v = -16 + s. What is the greatest common divisor of v and 18?
18
Let c be 3 + 1235 + (40/10 - 10). What is the highest common factor of c and 3542?
154
Let f = 10 + -7. Suppose -z = 7*i - 3*i - 28, f*z - 114 = -2*i. Calculate the highest common divisor of z and 5.
5
Let c(h) = -302*h + 123. Let v be c(0). Calculate the greatest common divisor of v and 14883.
123
Suppose 347 + 217 = -2*z - 2*l, -3*z + 5*l = 830. Let i = z - -284. What is the greatest common factor of i and 22?
2
Let q be ((-18)/(-8) - 3)/(51/(-1836)). Calculate the highest common divisor of 26 and q.
1
Let x be 35/3 - 2/(-6). Suppose -4*b = 5*c - 3216, 4*c + 649 + 3371 = 5*b. What is the greatest common factor of b and x?
12
Let y be ((-11)/3 + 3)*-15. Let a = y - -22. What is the greatest common factor of 176 and a?
16
Let u = -20 - -33. Let j = 4868 - 4803. Calculate the greatest common factor of u and j.
13
Let b = 24 - -1. Let r be (b/4)/(8/288). Suppose -12*a + r = -279. Calculate the greatest common factor of a and 462.
42
Let u be ((-46)/(-115))/((-1)/(-20)). Suppose -v = -5, -u*x + 13*x - 675 = -2*v. Calculate the greatest common factor of 19 and x.
19
Let m be (-4 - 34/(-8))*0. Suppose 3*t = -2*p - m*p - 881, 1148 = -4*t + 4*p. Let q = -168 - t. What is the greatest common divisor of 41 and q?
41
Let x be (-2 + (2 - -1))*33. Suppose -b = 2*q - 15, 62*q - 66*q + 2*b + 66 = 0. Calculate the greatest common factor of q and x.
3
Suppose 25 + 73 = -7*n. Let s be (-147)/n + (1/(-2))/(-1). Suppose -2*x + 37 = -s. What is the greatest common factor of 48 and x?
24
Suppose -3*y = -208 + 193, 0 = -z + y + 1283. Cal